{"id":3,"date":"2019-10-08T22:00:41","date_gmt":"2019-10-08T22:00:41","guid":{"rendered":"http:\/\/berro.eca.usp.br\/?page_id=3"},"modified":"2025-02-06T14:04:03","modified_gmt":"2025-02-06T14:04:03","slug":"privacy-policy","status":"publish","type":"page","link":"https:\/\/berro.eca.usp.br\/","title":{"rendered":"Berro"},"content":{"rendered":"\n<p>[Portugu\u00eas]<\/p>\n\n\n\n<p>Ru\u00eddos in\u00e9ditos, paisagens sonoras improv\u00e1veis, m\u00fasicas desconhecidas, sons hist\u00f3ricos. <em><strong>Berro<\/strong><\/em> \u00e9 um selo fonogr\u00e1fico brasileiro voltado para m\u00fasicas e sons que voc\u00ea n\u00e3o ouvir\u00e1 em nenhum outro lugar. \u00c9 produzido pelo NuSom &#8211; Centro de Pesquisa em Sonologia da Universidade de S\u00e3o Paulo. Visite: www.eca.usp.br\/nusom<\/p>\n\n\n\n<p><span style=\"text-decoration: underline;\"><em>Berro<\/em><\/span>: grito, rugido, uivo, choro, brado, clamor, bramido, aulido, arma, ferro, grito de desespero.<\/p>\n\n\n\n<p><strong>Berro se preocupa com a arte e cultura brasileiras!<\/strong><\/p>\n\n\n\n<p>Veja o <strong>Berro<\/strong> no Bandcamp: <a href=\"https:\/\/berro-nusom.bandcamp.com\/\">https:\/\/berro-nusom.bandcamp.com\/<\/a><\/p>\n\n\n\n<p><\/p>\n\n\n\n<div style=\"height:40px\" aria-hidden=\"true\" class=\"wp-block-spacer\"><\/div>\n\n\n\n<p><\/p>\n\n\n\n<p>[English]<\/p>\n\n\n\n<p>Unheard noises, unlikely soundscapes, unknown musics, historical sounds. <em><strong>Berro<\/strong><\/em> is a Brazilian netlabel focused on music and sound you won&#8217;t hear elsewhere. It is produced by NuSom &#8211;  Research Center on Sonology.<\/p>\n\n\n\n<p>Berro: Portuguese word for scream, roar, howl, moo, scream, shout, yell, cry, gun, iron, scream of despair.<\/p>\n\n\n\n<p><strong>Berro cares about Brazilian art and culture!<\/strong><\/p>\n\n\n\n<p>See <strong>Berro<\/strong> at Bandcamp: <a href=\"https:\/\/berro-nusom.bandcamp.com\/\">https:\/\/berro-nusom.bandcamp.com\/<\/a><\/p>\n\n\n\n<div style=\"height:40px\" aria-hidden=\"true\" class=\"wp-block-spacer\"><\/div>\n\n\n\n<p><\/p>\n\n\n\n<p><\/p>\n\n\n<table id=\"muso-discog-grid\"><tr><td class=\"album-grid\"><a href=\"https:\/\/berro.eca.usp.br\/index.php\/discography\/make-it-heard-vol-6\/\" title=\"Make it Heard &#8211; Vol. 6\"><img loading=\"lazy\" decoding=\"async\" width=\"140\" height=\"140\" src=\"https:\/\/berro.eca.usp.br\/wp-content\/uploads\/2025\/02\/Make-it-Heard-Vol.-6-3-140x140.jpg\" class=\"img-frame wp-post-image\" alt=\"\" srcset=\"https:\/\/berro.eca.usp.br\/wp-content\/uploads\/2025\/02\/Make-it-Heard-Vol.-6-3-140x140.jpg 140w, https:\/\/berro.eca.usp.br\/wp-content\/uploads\/2025\/02\/Make-it-Heard-Vol.-6-3-300x300.jpg 300w, https:\/\/berro.eca.usp.br\/wp-content\/uploads\/2025\/02\/Make-it-Heard-Vol.-6-3-150x150.jpg 150w, https:\/\/berro.eca.usp.br\/wp-content\/uploads\/2025\/02\/Make-it-Heard-Vol.-6-3.jpg 350w\" sizes=\"auto, (max-width: 140px) 100vw, 140px\" \/><\/a><p><a href=\"https:\/\/berro.eca.usp.br\/index.php\/discography\/make-it-heard-vol-6\/\" title=\"Make it Heard &#8211; Vol. 6\" class=\"album-title\">Make it Heard &#8211; Vol. 6<\/a><\/p><\/td><td class=\"album-grid\"><a href=\"https:\/\/berro.eca.usp.br\/index.php\/discography\/make-it-heard-vol-5\/\" title=\"Make it Heard &#8211; Vol. 5\"><img loading=\"lazy\" decoding=\"async\" width=\"140\" height=\"140\" src=\"https:\/\/berro.eca.usp.br\/wp-content\/uploads\/2024\/11\/Make-it-Heard-Vol.-5-140x140.jpg\" class=\"img-frame wp-post-image\" alt=\"\" srcset=\"https:\/\/berro.eca.usp.br\/wp-content\/uploads\/2024\/11\/Make-it-Heard-Vol.-5-140x140.jpg 140w, https:\/\/berro.eca.usp.br\/wp-content\/uploads\/2024\/11\/Make-it-Heard-Vol.-5-300x300.jpg 300w, https:\/\/berro.eca.usp.br\/wp-content\/uploads\/2024\/11\/Make-it-Heard-Vol.-5-150x150.jpg 150w, https:\/\/berro.eca.usp.br\/wp-content\/uploads\/2024\/11\/Make-it-Heard-Vol.-5.jpg 350w\" sizes=\"auto, (max-width: 140px) 100vw, 140px\" \/><\/a><p><a href=\"https:\/\/berro.eca.usp.br\/index.php\/discography\/make-it-heard-vol-5\/\" title=\"Make it Heard &#8211; Vol. 5\" class=\"album-title\">Make it Heard &#8211; Vol. 5<\/a><\/p><\/td><td class=\"album-grid\"><a href=\"https:\/\/berro.eca.usp.br\/index.php\/discography\/aparezca\/\" title=\"Aparezca\"><img loading=\"lazy\" decoding=\"async\" width=\"140\" height=\"140\" src=\"https:\/\/berro.eca.usp.br\/wp-content\/uploads\/2024\/11\/Aparezca-140x140.jpg\" class=\"img-frame wp-post-image\" alt=\"\" srcset=\"https:\/\/berro.eca.usp.br\/wp-content\/uploads\/2024\/11\/Aparezca-140x140.jpg 140w, https:\/\/berro.eca.usp.br\/wp-content\/uploads\/2024\/11\/Aparezca-300x300.jpg 300w, https:\/\/berro.eca.usp.br\/wp-content\/uploads\/2024\/11\/Aparezca-150x150.jpg 150w, https:\/\/berro.eca.usp.br\/wp-content\/uploads\/2024\/11\/Aparezca.jpg 350w\" sizes=\"auto, (max-width: 140px) 100vw, 140px\" \/><\/a><p><a href=\"https:\/\/berro.eca.usp.br\/index.php\/discography\/aparezca\/\" title=\"Aparezca\" class=\"album-title\">Aparezca<\/a><\/p><\/td><\/tr><tr><td class=\"album-grid\"><a href=\"https:\/\/berro.eca.usp.br\/index.php\/discography\/slainte\/\" title=\"SL\u00c1INTE\"><img loading=\"lazy\" decoding=\"async\" width=\"140\" height=\"140\" src=\"https:\/\/berro.eca.usp.br\/wp-content\/uploads\/2024\/11\/SLAINTE-140x140.jpg\" class=\"img-frame wp-post-image\" alt=\"\" srcset=\"https:\/\/berro.eca.usp.br\/wp-content\/uploads\/2024\/11\/SLAINTE-140x140.jpg 140w, https:\/\/berro.eca.usp.br\/wp-content\/uploads\/2024\/11\/SLAINTE-300x300.jpg 300w, https:\/\/berro.eca.usp.br\/wp-content\/uploads\/2024\/11\/SLAINTE-150x150.jpg 150w, https:\/\/berro.eca.usp.br\/wp-content\/uploads\/2024\/11\/SLAINTE.jpg 350w\" sizes=\"auto, (max-width: 140px) 100vw, 140px\" \/><\/a><p><a href=\"https:\/\/berro.eca.usp.br\/index.php\/discography\/slainte\/\" title=\"SL\u00c1INTE\" class=\"album-title\">SL\u00c1INTE<\/a><\/p><\/td><td class=\"album-grid\"><a href=\"https:\/\/berro.eca.usp.br\/index.php\/discography\/fios-da-trama-vol-2\/\" title=\"Fios da Trama &#8211; Vol. 2\"><img loading=\"lazy\" decoding=\"async\" width=\"140\" height=\"140\" src=\"https:\/\/berro.eca.usp.br\/wp-content\/uploads\/2025\/02\/Fios-da-Trama-Vol.-2-1-140x140.jpg\" class=\"img-frame wp-post-image\" alt=\"\" srcset=\"https:\/\/berro.eca.usp.br\/wp-content\/uploads\/2025\/02\/Fios-da-Trama-Vol.-2-1-140x140.jpg 140w, https:\/\/berro.eca.usp.br\/wp-content\/uploads\/2025\/02\/Fios-da-Trama-Vol.-2-1-300x300.jpg 300w, https:\/\/berro.eca.usp.br\/wp-content\/uploads\/2025\/02\/Fios-da-Trama-Vol.-2-1-150x150.jpg 150w, https:\/\/berro.eca.usp.br\/wp-content\/uploads\/2025\/02\/Fios-da-Trama-Vol.-2-1.jpg 350w\" sizes=\"auto, (max-width: 140px) 100vw, 140px\" \/><\/a><p><a href=\"https:\/\/berro.eca.usp.br\/index.php\/discography\/fios-da-trama-vol-2\/\" title=\"Fios da Trama &#8211; Vol. 2\" class=\"album-title\">Fios da Trama &#8211; Vol. 2<\/a><\/p><\/td><td class=\"album-grid\"><a href=\"https:\/\/berro.eca.usp.br\/index.php\/discography\/fios-da-trama-vol-1\/\" title=\"Fios da Trama &#8211; Vol. 1\"><img loading=\"lazy\" decoding=\"async\" width=\"140\" height=\"140\" src=\"https:\/\/berro.eca.usp.br\/wp-content\/uploads\/2025\/02\/Fios-da-Trama-Vol.-1-1-140x140.jpg\" class=\"img-frame wp-post-image\" alt=\"\" srcset=\"https:\/\/berro.eca.usp.br\/wp-content\/uploads\/2025\/02\/Fios-da-Trama-Vol.-1-1-140x140.jpg 140w, https:\/\/berro.eca.usp.br\/wp-content\/uploads\/2025\/02\/Fios-da-Trama-Vol.-1-1-300x300.jpg 300w, https:\/\/berro.eca.usp.br\/wp-content\/uploads\/2025\/02\/Fios-da-Trama-Vol.-1-1-150x150.jpg 150w, https:\/\/berro.eca.usp.br\/wp-content\/uploads\/2025\/02\/Fios-da-Trama-Vol.-1-1.jpg 350w\" sizes=\"auto, (max-width: 140px) 100vw, 140px\" \/><\/a><p><a href=\"https:\/\/berro.eca.usp.br\/index.php\/discography\/fios-da-trama-vol-1\/\" title=\"Fios da Trama &#8211; Vol. 1\" class=\"album-title\">Fios da Trama &#8211; Vol. 1<\/a><\/p><\/td><\/tr><tr><td class=\"album-grid\"><a href=\"https:\/\/berro.eca.usp.br\/index.php\/discography\/make-it-heard-vol-4\/\" title=\"Make it Heard &#8211; Vol. 4\"><img loading=\"lazy\" decoding=\"async\" width=\"140\" height=\"140\" src=\"https:\/\/berro.eca.usp.br\/wp-content\/uploads\/2024\/11\/Make-it-Heard-Vol.-4-140x140.jpg\" class=\"img-frame wp-post-image\" alt=\"\" srcset=\"https:\/\/berro.eca.usp.br\/wp-content\/uploads\/2024\/11\/Make-it-Heard-Vol.-4-140x140.jpg 140w, https:\/\/berro.eca.usp.br\/wp-content\/uploads\/2024\/11\/Make-it-Heard-Vol.-4-300x300.jpg 300w, https:\/\/berro.eca.usp.br\/wp-content\/uploads\/2024\/11\/Make-it-Heard-Vol.-4-150x150.jpg 150w, https:\/\/berro.eca.usp.br\/wp-content\/uploads\/2024\/11\/Make-it-Heard-Vol.-4.jpg 350w\" sizes=\"auto, (max-width: 140px) 100vw, 140px\" \/><\/a><p><a href=\"https:\/\/berro.eca.usp.br\/index.php\/discography\/make-it-heard-vol-4\/\" title=\"Make it Heard &#8211; Vol. 4\" class=\"album-title\">Make it Heard &#8211; Vol. 4<\/a><\/p><\/td><td class=\"album-grid\"><a href=\"https:\/\/berro.eca.usp.br\/index.php\/discography\/orquestra-errante-vol-2\/\" title=\"Orquestra Errante  Vol. 2\"><img loading=\"lazy\" decoding=\"async\" width=\"140\" height=\"140\" src=\"https:\/\/berro.eca.usp.br\/wp-content\/uploads\/2024\/11\/Orquestra-Errante-Vol.-2-140x140.jpg\" class=\"img-frame wp-post-image\" alt=\"\" srcset=\"https:\/\/berro.eca.usp.br\/wp-content\/uploads\/2024\/11\/Orquestra-Errante-Vol.-2-140x140.jpg 140w, https:\/\/berro.eca.usp.br\/wp-content\/uploads\/2024\/11\/Orquestra-Errante-Vol.-2-300x300.jpg 300w, https:\/\/berro.eca.usp.br\/wp-content\/uploads\/2024\/11\/Orquestra-Errante-Vol.-2-150x150.jpg 150w, https:\/\/berro.eca.usp.br\/wp-content\/uploads\/2024\/11\/Orquestra-Errante-Vol.-2.jpg 350w\" sizes=\"auto, (max-width: 140px) 100vw, 140px\" \/><\/a><p><a href=\"https:\/\/berro.eca.usp.br\/index.php\/discography\/orquestra-errante-vol-2\/\" title=\"Orquestra Errante  Vol. 2\" class=\"album-title\">Orquestra Errante  Vol. 2<\/a><\/p><\/td><td class=\"album-grid\"><a href=\"https:\/\/berro.eca.usp.br\/index.php\/discography\/orquestra-errante-vol-1\/\" title=\"Orquestra Errante Vol. 1\"><img loading=\"lazy\" decoding=\"async\" width=\"140\" height=\"140\" src=\"https:\/\/berro.eca.usp.br\/wp-content\/uploads\/2024\/11\/Orquestra-Errante-Vol.-1-140x140.jpg\" class=\"img-frame wp-post-image\" alt=\"\" srcset=\"https:\/\/berro.eca.usp.br\/wp-content\/uploads\/2024\/11\/Orquestra-Errante-Vol.-1-140x140.jpg 140w, https:\/\/berro.eca.usp.br\/wp-content\/uploads\/2024\/11\/Orquestra-Errante-Vol.-1-300x300.jpg 300w, https:\/\/berro.eca.usp.br\/wp-content\/uploads\/2024\/11\/Orquestra-Errante-Vol.-1-150x150.jpg 150w, https:\/\/berro.eca.usp.br\/wp-content\/uploads\/2024\/11\/Orquestra-Errante-Vol.-1.jpg 350w\" sizes=\"auto, (max-width: 140px) 100vw, 140px\" \/><\/a><p><a href=\"https:\/\/berro.eca.usp.br\/index.php\/discography\/orquestra-errante-vol-1\/\" title=\"Orquestra Errante Vol. 1\" class=\"album-title\">Orquestra Errante Vol. 1<\/a><\/p><\/td><\/tr><tr><td class=\"album-grid\"><a href=\"https:\/\/berro.eca.usp.br\/index.php\/discography\/make-it-heard-vol-3\/\" title=\"Make it Heard &#8211; Vol. 3\"><img loading=\"lazy\" decoding=\"async\" width=\"140\" height=\"140\" src=\"https:\/\/berro.eca.usp.br\/wp-content\/uploads\/2024\/11\/Make-it-Heard-Vol.-3-140x140.jpg\" class=\"img-frame wp-post-image\" alt=\"\" srcset=\"https:\/\/berro.eca.usp.br\/wp-content\/uploads\/2024\/11\/Make-it-Heard-Vol.-3-140x140.jpg 140w, https:\/\/berro.eca.usp.br\/wp-content\/uploads\/2024\/11\/Make-it-Heard-Vol.-3-300x300.jpg 300w, https:\/\/berro.eca.usp.br\/wp-content\/uploads\/2024\/11\/Make-it-Heard-Vol.-3-150x150.jpg 150w, https:\/\/berro.eca.usp.br\/wp-content\/uploads\/2024\/11\/Make-it-Heard-Vol.-3.jpg 350w\" sizes=\"auto, (max-width: 140px) 100vw, 140px\" \/><\/a><p><a href=\"https:\/\/berro.eca.usp.br\/index.php\/discography\/make-it-heard-vol-3\/\" title=\"Make it Heard &#8211; Vol. 3\" class=\"album-title\">Make it Heard &#8211; Vol. 3<\/a><\/p><\/td><td class=\"album-grid\"><a href=\"https:\/\/berro.eca.usp.br\/index.php\/discography\/make-it-heard-vol-2\/\" title=\"Make it Heard &#8211; Vol. 2\"><img loading=\"lazy\" decoding=\"async\" width=\"140\" height=\"140\" src=\"https:\/\/berro.eca.usp.br\/wp-content\/uploads\/2024\/11\/Make-it-Heard-Vol.-2-140x140.jpg\" class=\"img-frame wp-post-image\" alt=\"\" srcset=\"https:\/\/berro.eca.usp.br\/wp-content\/uploads\/2024\/11\/Make-it-Heard-Vol.-2-140x140.jpg 140w, https:\/\/berro.eca.usp.br\/wp-content\/uploads\/2024\/11\/Make-it-Heard-Vol.-2-300x300.jpg 300w, https:\/\/berro.eca.usp.br\/wp-content\/uploads\/2024\/11\/Make-it-Heard-Vol.-2-150x150.jpg 150w, https:\/\/berro.eca.usp.br\/wp-content\/uploads\/2024\/11\/Make-it-Heard-Vol.-2.jpg 350w\" sizes=\"auto, (max-width: 140px) 100vw, 140px\" \/><\/a><p><a href=\"https:\/\/berro.eca.usp.br\/index.php\/discography\/make-it-heard-vol-2\/\" title=\"Make it Heard &#8211; Vol. 2\" class=\"album-title\">Make it Heard &#8211; Vol. 2<\/a><\/p><\/td><td class=\"album-grid\"><a href=\"https:\/\/berro.eca.usp.br\/index.php\/discography\/make-it-heard-vol-1\/\" title=\"Make it Heard &#8211; Vol. 1\"><img loading=\"lazy\" decoding=\"async\" width=\"140\" height=\"140\" src=\"https:\/\/berro.eca.usp.br\/wp-content\/uploads\/2024\/11\/Make-it-Heard-Vol.-1-140x140.jpg\" class=\"img-frame wp-post-image\" alt=\"\" srcset=\"https:\/\/berro.eca.usp.br\/wp-content\/uploads\/2024\/11\/Make-it-Heard-Vol.-1-140x140.jpg 140w, https:\/\/berro.eca.usp.br\/wp-content\/uploads\/2024\/11\/Make-it-Heard-Vol.-1-300x300.jpg 300w, https:\/\/berro.eca.usp.br\/wp-content\/uploads\/2024\/11\/Make-it-Heard-Vol.-1-150x150.jpg 150w, https:\/\/berro.eca.usp.br\/wp-content\/uploads\/2024\/11\/Make-it-Heard-Vol.-1.jpg 350w\" sizes=\"auto, (max-width: 140px) 100vw, 140px\" \/><\/a><p><a href=\"https:\/\/berro.eca.usp.br\/index.php\/discography\/make-it-heard-vol-1\/\" title=\"Make it Heard &#8211; Vol. 1\" class=\"album-title\">Make it Heard &#8211; Vol. 1<\/a><\/p><\/td><\/tr><\/table><div><span class=\"alignright muso-nav-links\"><\/span><span class=\"alignleft muso-nav-links\"><\/span><\/div>\n","protected":false},"excerpt":{"rendered":"<p>[Portugu\u00eas] Ru\u00eddos in\u00e9ditos, paisagens sonoras improv\u00e1veis, m\u00fasicas desconhecidas, sons hist\u00f3ricos. Berro \u00e9 um selo fonogr\u00e1fico brasileiro voltado para m\u00fasicas e sons que voc\u00ea n\u00e3o ouvir\u00e1 em nenhum outro lugar. \u00c9 produzido pelo NuSom &#8211; Centro de Pesquisa em Sonologia da Universidade de S\u00e3o Paulo. Visite: www.eca.usp.br\/nusom Berro: grito, rugido, uivo, choro, brado, clamor, bramido, aulido, [&hellip;]<\/p>\n","protected":false},"author":1,"featured_media":720,"parent":0,"menu_order":1,"comment_status":"closed","ping_status":"open","template":"","meta":{"footnotes":""},"class_list":["post-3","page","type-page","status-publish","has-post-thumbnail","hentry"],"_links":{"self":[{"href":"https:\/\/berro.eca.usp.br\/index.php\/wp-json\/wp\/v2\/pages\/3","targetHints":{"allow":["GET"]}}],"collection":[{"href":"https:\/\/berro.eca.usp.br\/index.php\/wp-json\/wp\/v2\/pages"}],"about":[{"href":"https:\/\/berro.eca.usp.br\/index.php\/wp-json\/wp\/v2\/types\/page"}],"author":[{"embeddable":true,"href":"https:\/\/berro.eca.usp.br\/index.php\/wp-json\/wp\/v2\/users\/1"}],"replies":[{"embeddable":true,"href":"https:\/\/berro.eca.usp.br\/index.php\/wp-json\/wp\/v2\/comments?post=3"}],"version-history":[{"count":14,"href":"https:\/\/berro.eca.usp.br\/index.php\/wp-json\/wp\/v2\/pages\/3\/revisions"}],"predecessor-version":[{"id":704,"href":"https:\/\/berro.eca.usp.br\/index.php\/wp-json\/wp\/v2\/pages\/3\/revisions\/704"}],"wp:featuredmedia":[{"embeddable":true,"href":"https:\/\/berro.eca.usp.br\/index.php\/wp-json\/wp\/v2\/media\/720"}],"wp:attachment":[{"href":"https:\/\/berro.eca.usp.br\/index.php\/wp-json\/wp\/v2\/media?parent=3"}],"curies":[{"name":"wp","href":"https:\/\/api.w.org\/{rel}","templated":true}]}}