{"id":627,"date":"2024-04-26T17:48:40","date_gmt":"2024-04-26T17:48:40","guid":{"rendered":"https:\/\/berro.eca.usp.br\/?page_id=627"},"modified":"2024-04-26T17:54:32","modified_gmt":"2024-04-26T17:54:32","slug":"noticias","status":"publish","type":"page","link":"https:\/\/berro.eca.usp.br\/index.php\/privacy-policy\/noticias\/","title":{"rendered":"Not\u00edcias"},"content":{"rendered":"<ul class=\"wp-block-latest-posts__list wp-block-latest-posts has-small-font-size\"><li><a class=\"wp-block-latest-posts__post-title\" href=\"https:\/\/berro.eca.usp.br\/index.php\/2022\/09\/05\/materia-na-eca-usp-sobre-as-32-instrucoes-para-escutar-na-pandemia\/\">Mat\u00e9ria na ECA-USP sobre as &#8220;32 Instru\u00e7\u00f5es para escutar (n)a pandemia&#8221;:<\/a><div class=\"wp-block-latest-posts__post-excerpt\">https:\/\/www.eca.usp.br\/noticias\/cmu-departamento-de-musica\/album-de-musica-em-papel-livro-propoe-escuta-ativa-da-pandemia<\/div><\/li>\n<li><a class=\"wp-block-latest-posts__post-title\" href=\"https:\/\/berro.eca.usp.br\/index.php\/2021\/11\/09\/32-instrucoes-para-escutar-na-pandemia\/\">32 instru\u00e7\u00f5es para escutar (n)a pandemia<\/a><div class=\"wp-block-latest-posts__post-excerpt\">&#8220;\u00c9 com prazer que o Berro anuncia o lan\u00e7amento de 32 Instru\u00e7\u00f5es para Escutar (n)a Pandemia&#8221; (Paperback Edition, BERRO, lan\u00e7ado em outubro de 2021, 76 pgs.) \u00c9 um livro de\u2026 <a class=\"wp-block-latest-posts__read-more\" href=\"https:\/\/berro.eca.usp.br\/index.php\/2021\/11\/09\/32-instrucoes-para-escutar-na-pandemia\/\" rel=\"noopener noreferrer\">Read more<span class=\"screen-reader-text\">: 32 instru\u00e7\u00f5es para escutar (n)a pandemia<\/span><\/a><\/div><\/li>\n<li><a class=\"wp-block-latest-posts__post-title\" href=\"https:\/\/berro.eca.usp.br\/index.php\/2021\/09\/06\/fios-da-trama-vol-2-em-breve\/\">Fios da Trama Vol. 2, em breve<\/a><div class=\"wp-block-latest-posts__post-excerpt\">Quase saindo do forno, o Fios da Trama Vol. 2 deve chegar no final de setembro com pe\u00e7as incr\u00edveis realizadas entre as d\u00e9cadas de 1970 e 1990. Teremos trabalhos de\u2026 <a class=\"wp-block-latest-posts__read-more\" href=\"https:\/\/berro.eca.usp.br\/index.php\/2021\/09\/06\/fios-da-trama-vol-2-em-breve\/\" rel=\"noopener noreferrer\">Read more<span class=\"screen-reader-text\">: Fios da Trama Vol. 2, em breve<\/span><\/a><\/div><\/li>\n<li><a class=\"wp-block-latest-posts__post-title\" href=\"https:\/\/berro.eca.usp.br\/index.php\/2020\/12\/15\/lancamento-do-make-it-heard-vol-4\/\">Lan\u00e7amento do Make it Heard Vol. 4!<\/a><div class=\"wp-block-latest-posts__post-excerpt\">\u00c9 com muito prazer que anunciamos o lan\u00e7amento do \u00e1lbum Make it Heard Vol. IV. O volume traz uma cole\u00e7\u00e3o de trabalhos diversificados de uma gera\u00e7\u00e3o de jovens artistas brasileiros.\u2026 <a class=\"wp-block-latest-posts__read-more\" href=\"https:\/\/berro.eca.usp.br\/index.php\/2020\/12\/15\/lancamento-do-make-it-heard-vol-4\/\" rel=\"noopener noreferrer\">Read more<span class=\"screen-reader-text\">: Lan\u00e7amento do Make it Heard Vol. 4!<\/span><\/a><\/div><\/li>\n<li><a class=\"wp-block-latest-posts__post-title\" href=\"https:\/\/berro.eca.usp.br\/index.php\/2020\/05\/14\/lancamento-do-album-orquestra-errante\/\">Lan\u00e7amento do \u00c1lbum &#8211; Orquestra Errante<\/a><div class=\"wp-block-latest-posts__post-excerpt\">Carxs,\u00a0temos o prazer de anunciar o lan\u00e7amento do \u00e1lbum duplo da Orquestra Errante pelo Berro\/NuSom neste domingo, dia 17 de maio. \u00c0s 17h vamos fazer uma live na p\u00e1gina do\u2026 <a class=\"wp-block-latest-posts__read-more\" href=\"https:\/\/berro.eca.usp.br\/index.php\/2020\/05\/14\/lancamento-do-album-orquestra-errante\/\" rel=\"noopener noreferrer\">Read more<span class=\"screen-reader-text\">: Lan\u00e7amento do \u00c1lbum &#8211; Orquestra Errante<\/span><\/a><\/div><\/li>\n<li><a class=\"wp-block-latest-posts__post-title\" href=\"https:\/\/berro.eca.usp.br\/index.php\/2019\/11\/23\/163\/\">Post sobre o Berro na ECA\/USP<\/a><div class=\"wp-block-latest-posts__post-excerpt\">NuSom lan\u00e7a selo fonogr\u00e1fico com faixas in\u00e9ditas<\/div><\/li>\n<li><a class=\"wp-block-latest-posts__post-title\" href=\"https:\/\/berro.eca.usp.br\/index.php\/2019\/11\/21\/lancamento-do-berro\/\">Lan\u00e7amento do BERRO<\/a><div class=\"wp-block-latest-posts__post-excerpt\">\u00c9 com muita satisfa\u00e7\u00e3o que o&nbsp;NuSom &#8211; N\u00facleo de Pesquisas em Sonologia&nbsp;da USP lan\u00e7a o&nbsp;BERRO, selo fonogr\u00e1fico digital. Este projeto busca registrar e difundir produ\u00e7\u00f5es sonoras que, apesar do seu\u2026 <a class=\"wp-block-latest-posts__read-more\" href=\"https:\/\/berro.eca.usp.br\/index.php\/2019\/11\/21\/lancamento-do-berro\/\" rel=\"noopener noreferrer\">Read more<span class=\"screen-reader-text\">: Lan\u00e7amento do BERRO<\/span><\/a><\/div><\/li>\n<li><a class=\"wp-block-latest-posts__post-title\" href=\"https:\/\/berro.eca.usp.br\/index.php\/2019\/10\/08\/hello-world\/\">Lan\u00e7amento do Berro!<\/a><div class=\"wp-block-latest-posts__post-excerpt\">Berro vai ser lan\u00e7ado em 20 de novembro de 2019. Aguardem!<\/div><\/li>\n<\/ul>","protected":false},"excerpt":{"rendered":"","protected":false},"author":1,"featured_media":0,"parent":3,"menu_order":0,"comment_status":"closed","ping_status":"closed","template":"","meta":{"footnotes":""},"class_list":["post-627","page","type-page","status-publish","hentry"],"_links":{"self":[{"href":"https:\/\/berro.eca.usp.br\/index.php\/wp-json\/wp\/v2\/pages\/627","targetHints":{"allow":["GET"]}}],"collection":[{"href":"https:\/\/berro.eca.usp.br\/index.php\/wp-json\/wp\/v2\/pages"}],"about":[{"href":"https:\/\/berro.eca.usp.br\/index.php\/wp-json\/wp\/v2\/types\/page"}],"author":[{"embeddable":true,"href":"https:\/\/berro.eca.usp.br\/index.php\/wp-json\/wp\/v2\/users\/1"}],"replies":[{"embeddable":true,"href":"https:\/\/berro.eca.usp.br\/index.php\/wp-json\/wp\/v2\/comments?post=627"}],"version-history":[{"count":3,"href":"https:\/\/berro.eca.usp.br\/index.php\/wp-json\/wp\/v2\/pages\/627\/revisions"}],"predecessor-version":[{"id":632,"href":"https:\/\/berro.eca.usp.br\/index.php\/wp-json\/wp\/v2\/pages\/627\/revisions\/632"}],"up":[{"embeddable":true,"href":"https:\/\/berro.eca.usp.br\/index.php\/wp-json\/wp\/v2\/pages\/3"}],"wp:attachment":[{"href":"https:\/\/berro.eca.usp.br\/index.php\/wp-json\/wp\/v2\/media?parent=627"}],"curies":[{"name":"wp","href":"https:\/\/api.w.org\/{rel}","templated":true}]}}